{"id":885,"date":"2017-12-22T19:51:48","date_gmt":"2017-12-22T17:51:48","guid":{"rendered":"http:\/\/www.anja-saskia-beyer.com\/?page_id=885"},"modified":"2017-12-27T14:25:13","modified_gmt":"2017-12-27T12:25:13","slug":"nelkenliebe","status":"publish","type":"page","link":"https:\/\/www.anja-saskia-beyer.com\/?page_id=885","title":{"rendered":"Nelkenliebe"},"content":{"rendered":"<p><b><a href=\"http:\/\/www.anja-saskia-beyer.com\/wp-content\/uploads\/2014\/03\/Beyer-Nelkenliebe-23873-CV-FT-v3-hochaufl\u00f6send-end.jpg\"><img loading=\"lazy\" decoding=\"async\" class=\"wp-image-857 alignright\" src=\"http:\/\/www.anja-saskia-beyer.com\/wp-content\/uploads\/2014\/03\/Beyer-Nelkenliebe-23873-CV-FT-v3-hochaufl\u00f6send-end.jpg\" alt=\"\" width=\"293\" height=\"433\" srcset=\"https:\/\/www.anja-saskia-beyer.com\/wp-content\/uploads\/2014\/03\/Beyer-Nelkenliebe-23873-CV-FT-v3-hochaufl\u00f6send-end.jpg 1488w, https:\/\/www.anja-saskia-beyer.com\/wp-content\/uploads\/2014\/03\/Beyer-Nelkenliebe-23873-CV-FT-v3-hochaufl\u00f6send-end-203x300.jpg 203w, https:\/\/www.anja-saskia-beyer.com\/wp-content\/uploads\/2014\/03\/Beyer-Nelkenliebe-23873-CV-FT-v3-hochaufl\u00f6send-end-768x1133.jpg 768w, https:\/\/www.anja-saskia-beyer.com\/wp-content\/uploads\/2014\/03\/Beyer-Nelkenliebe-23873-CV-FT-v3-hochaufl\u00f6send-end-694x1024.jpg 694w, https:\/\/www.anja-saskia-beyer.com\/wp-content\/uploads\/2014\/03\/Beyer-Nelkenliebe-23873-CV-FT-v3-hochaufl\u00f6send-end-520x767.jpg 520w, https:\/\/www.anja-saskia-beyer.com\/wp-content\/uploads\/2014\/03\/Beyer-Nelkenliebe-23873-CV-FT-v3-hochaufl\u00f6send-end-740x1092.jpg 740w\" sizes=\"auto, (max-width: 293px) 100vw, 293px\" \/><\/a>Nach dem Erfolg des #1 Kindle-Bestsellers \u00bbMandelbl\u00fctenliebe\u00ab und \u00bbErdbeeren im Sommer\u00ab erz\u00e4hlt Anja Saskia Beyer eine ber\u00fchrende Liebesgeschichte im Portugal der 70er Jahre.<\/b><\/p>\n<p><i> Die Liebe ist eine Revolution: ein Umsturz des Lebens durch die Macht der Gef\u00fchle.<\/i><\/p>\n<p>Es ist der letzte Wunsch ihres Vaters und f\u00fcr Katharina ist klar: Sie wird ihn erf\u00fcllen, auch wenn sie daf\u00fcr nach Portugal reisen muss. Ihre Aufgabe: die gro\u00dfe Liebe ihres Vaters wiederzufinden, die ihn damals mitten in den portugiesischen Umtrieben der Siebzigerjahre in Lissabon ohne Erkl\u00e4rung verlie\u00df.<\/p>\n<p>F\u00fcr Katharina ist es der Aufbruch in eine revolution\u00e4re Vergangenheit. Die unruhigen Ereignisse der Nelkenrevolution und die unerf\u00fcllte Sehnsucht ihres Vaters bringen auch ihre eigene Gef\u00fchlswelt durcheinander: Es wird eine Suche, die ihr Herz nicht vor Turbulenzen verschont. Die geheimnisvolle Geschichte, die sie mit ihrem Vater verbindet, f\u00fchrt Katharina nach und nach vor Augen, f\u00fcr was es sich im Leben zu k\u00e4mpfen lohnt und was wahre Liebe wirklich bedeutet.<\/p>\n<p>Hier geht es zum Buchtrailer von Nelkenliebe:\u00a0<a href=\"https:\/\/www.youtube.com\/watch?v=wZqqz70sFsA\">Buchtrailer Nelkenliebe<\/a><\/p>\n","protected":false},"excerpt":{"rendered":"<p>Nach dem Erfolg des #1 Kindle-Bestsellers \u00bbMandelbl\u00fctenliebe\u00ab und \u00bbErdbeeren im Sommer\u00ab erz\u00e4hlt Anja Saskia Beyer eine ber\u00fchrende Liebesgeschichte im Portugal der 70er Jahre. Die Liebe ist eine Revolution: ein Umsturz des Lebens durch die Macht<a class=\"read-more\" href=\"https:\/\/www.anja-saskia-beyer.com\/?page_id=885\">Continue reading<\/a><\/p>\n","protected":false},"author":1,"featured_media":0,"parent":0,"menu_order":0,"comment_status":"closed","ping_status":"closed","template":"","meta":{"_acf_changed":false,"_kadence_starter_templates_imported_post":false,"footnotes":""},"class_list":["post-885","page","type-page","status-publish","hentry"],"acf":[],"_links":{"self":[{"href":"https:\/\/www.anja-saskia-beyer.com\/index.php?rest_route=\/wp\/v2\/pages\/885","targetHints":{"allow":["GET"]}}],"collection":[{"href":"https:\/\/www.anja-saskia-beyer.com\/index.php?rest_route=\/wp\/v2\/pages"}],"about":[{"href":"https:\/\/www.anja-saskia-beyer.com\/index.php?rest_route=\/wp\/v2\/types\/page"}],"author":[{"embeddable":true,"href":"https:\/\/www.anja-saskia-beyer.com\/index.php?rest_route=\/wp\/v2\/users\/1"}],"replies":[{"embeddable":true,"href":"https:\/\/www.anja-saskia-beyer.com\/index.php?rest_route=%2Fwp%2Fv2%2Fcomments&post=885"}],"version-history":[{"count":4,"href":"https:\/\/www.anja-saskia-beyer.com\/index.php?rest_route=\/wp\/v2\/pages\/885\/revisions"}],"predecessor-version":[{"id":893,"href":"https:\/\/www.anja-saskia-beyer.com\/index.php?rest_route=\/wp\/v2\/pages\/885\/revisions\/893"}],"wp:attachment":[{"href":"https:\/\/www.anja-saskia-beyer.com\/index.php?rest_route=%2Fwp%2Fv2%2Fmedia&parent=885"}],"curies":[{"name":"wp","href":"https:\/\/api.w.org\/{rel}","templated":true}]}}