{"id":811,"date":"2017-04-26T08:49:30","date_gmt":"2017-04-26T06:49:30","guid":{"rendered":"http:\/\/www.anja-saskia-beyer.com\/?page_id=811"},"modified":"2017-05-16T10:57:29","modified_gmt":"2017-05-16T08:57:29","slug":"erdbeeren-im-sommer","status":"publish","type":"page","link":"https:\/\/www.anja-saskia-beyer.com\/?page_id=811","title":{"rendered":"Erdbeeren im Sommer"},"content":{"rendered":"<p><a href=\"http:\/\/www.anja-saskia-beyer.com\/wp-content\/uploads\/2017\/04\/BeyerAnjaSaskia_ErdbeerenimSommer.jpg\"><img loading=\"lazy\" decoding=\"async\" class=\"wp-image-812 size-medium alignleft\" src=\"http:\/\/www.anja-saskia-beyer.com\/wp-content\/uploads\/2017\/04\/BeyerAnjaSaskia_ErdbeerenimSommer-203x300.jpg\" alt=\"\" width=\"203\" height=\"300\" srcset=\"https:\/\/www.anja-saskia-beyer.com\/wp-content\/uploads\/2017\/04\/BeyerAnjaSaskia_ErdbeerenimSommer-203x300.jpg 203w, https:\/\/www.anja-saskia-beyer.com\/wp-content\/uploads\/2017\/04\/BeyerAnjaSaskia_ErdbeerenimSommer-768x1133.jpg 768w, https:\/\/www.anja-saskia-beyer.com\/wp-content\/uploads\/2017\/04\/BeyerAnjaSaskia_ErdbeerenimSommer-694x1024.jpg 694w, https:\/\/www.anja-saskia-beyer.com\/wp-content\/uploads\/2017\/04\/BeyerAnjaSaskia_ErdbeerenimSommer-520x767.jpg 520w, https:\/\/www.anja-saskia-beyer.com\/wp-content\/uploads\/2017\/04\/BeyerAnjaSaskia_ErdbeerenimSommer-740x1092.jpg 740w, https:\/\/www.anja-saskia-beyer.com\/wp-content\/uploads\/2017\/04\/BeyerAnjaSaskia_ErdbeerenimSommer.jpg 1488w\" sizes=\"auto, (max-width: 203px) 100vw, 203px\" \/><\/a>\u00a0ERDBEEREN IM SOMMER<\/p>\n<p>&#8222;Erdbeeren im Sommer&#8220; erscheint am 16. Mai im Verlag &#8222;Tinte und Feder&#8220; und auch gleich als H\u00f6rbuch bei Audible!<\/p>\n<p>Klickt hier zum Buch oder H\u00f6rbuch: <a href=\"http:\/\/amzn.to\/2ph0LXR\" target=\"_blank\" rel=\"noopener noreferrer\">Erdbeeren im Sommer<\/a><\/p>\n<p>Kurzinhalt:<\/p>\n<p>#1 Kindle-Bestseller-Autorin<\/p>\n<p>Ber\u00fchrend, einf\u00fchlsam und am\u00fcsant nimmt Anja Saskia Beyers neuer Erfolgsroman den Leser mit auf eine Reise, bei der man neben der italienischen Kulinarik das Leben in seiner ganzen Tragik zu schmecken meint.<\/p>\n<p>Entt\u00e4uscht und mit Wut im Bauch sitzen Luisa und Mona in ihrem VW-Bus auf dem Weg nach S\u00fcditalien. Nach einem missgl\u00fcckten Heiratsantrag und einem handfesten Ehekrach brauchen die beiden Freundinnen dringend einen Ortswechsel. Und da bietet sich Tante Giulias idyllischer Erdbeerhof und das kleine mediterrane Ristorante geradezu an. Was die beiden dort erwartet, ist allerdings weit mehr als schmackhafte Erdbeeren und italienische K\u00fcche: Luisa wird ihre alte Jugendliebe Matteo wiedertreffen und auf ein Geheimnis sto\u00dfen, das sich um ein au\u00dfergew\u00f6hnliches Kochbuch rankt. Als Tante Giulia \u00fcberraschend abreist, sind Luisa und Mona gezwungen, tief in die Familiengeschichte einzutauchen, die sie bis in die turbulenten 50er Jahre zur\u00fcckf\u00fchrt. Die Ereignisse von damals werden Luisas Leben ver\u00e4ndern \u2013 auf eine Weise, wie sie es nie f\u00fcr m\u00f6glich gehalten h\u00e4tte.<\/p>\n<p>Eine ganz liebe Bloggerin, Regina von dem wunderbaren Blog &#8222;Rinas B\u00fccherblog&#8220; hat sogar einen Buchtrailer zu &#8222;Erdbeeren im Sommer&#8220; erstellt. Seht hier:\u00a0https:\/\/youtu.be\/ZKfe2LJcM6U<\/p>\n","protected":false},"excerpt":{"rendered":"<p>\u00a0ERDBEEREN IM SOMMER &#8222;Erdbeeren im Sommer&#8220; erscheint am 16. Mai im Verlag &#8222;Tinte und Feder&#8220; und auch gleich als H\u00f6rbuch bei Audible! Klickt hier zum Buch oder H\u00f6rbuch: Erdbeeren im Sommer Kurzinhalt: #1 Kindle-Bestseller-Autorin Ber\u00fchrend,<a class=\"read-more\" href=\"https:\/\/www.anja-saskia-beyer.com\/?page_id=811\">Continue reading<\/a><\/p>\n","protected":false},"author":1,"featured_media":0,"parent":0,"menu_order":0,"comment_status":"closed","ping_status":"closed","template":"","meta":{"_acf_changed":false,"_kadence_starter_templates_imported_post":false,"footnotes":""},"class_list":["post-811","page","type-page","status-publish","hentry"],"acf":[],"_links":{"self":[{"href":"https:\/\/www.anja-saskia-beyer.com\/index.php?rest_route=\/wp\/v2\/pages\/811","targetHints":{"allow":["GET"]}}],"collection":[{"href":"https:\/\/www.anja-saskia-beyer.com\/index.php?rest_route=\/wp\/v2\/pages"}],"about":[{"href":"https:\/\/www.anja-saskia-beyer.com\/index.php?rest_route=\/wp\/v2\/types\/page"}],"author":[{"embeddable":true,"href":"https:\/\/www.anja-saskia-beyer.com\/index.php?rest_route=\/wp\/v2\/users\/1"}],"replies":[{"embeddable":true,"href":"https:\/\/www.anja-saskia-beyer.com\/index.php?rest_route=%2Fwp%2Fv2%2Fcomments&post=811"}],"version-history":[{"count":6,"href":"https:\/\/www.anja-saskia-beyer.com\/index.php?rest_route=\/wp\/v2\/pages\/811\/revisions"}],"predecessor-version":[{"id":831,"href":"https:\/\/www.anja-saskia-beyer.com\/index.php?rest_route=\/wp\/v2\/pages\/811\/revisions\/831"}],"wp:attachment":[{"href":"https:\/\/www.anja-saskia-beyer.com\/index.php?rest_route=%2Fwp%2Fv2%2Fmedia&parent=811"}],"curies":[{"name":"wp","href":"https:\/\/api.w.org\/{rel}","templated":true}]}}

<p><a href="http://www.anja-saskia-beyer.com/wp-content/uploads/2017/04/BeyerAnjaSaskia_ErdbeerenimSommer.jpg"><img loading="lazy" decoding="async" class="wp-image-812 size-medium alignleft" src="http://www.anja-saskia-beyer.com/wp-content/uploads/2017/04/BeyerAnjaSaskia_ErdbeerenimSommer-203x300.jpg" alt="" width="203" height="300" srcset="https://www.anja-saskia-beyer.com/wp-content/uploads/2017/04/BeyerAnjaSaskia_ErdbeerenimSommer-203x300.jpg 203w, https://www.anja-saskia-beyer.com/wp-content/uploads/2017/04/BeyerAnjaSaskia_ErdbeerenimSommer-768x1133.jpg 768w, https://www.anja-saskia-beyer.com/wp-content/uploads/2017/04/BeyerAnjaSaskia_ErdbeerenimSommer-694x1024.jpg 694w, https://www.anja-saskia-beyer.com/wp-content/uploads/2017/04/BeyerAnjaSaskia_ErdbeerenimSommer-520x767.jpg 520w, https://www.anja-saskia-beyer.com/wp-content/uploads/2017/04/BeyerAnjaSaskia_ErdbeerenimSommer-740x1092.jpg 740w, https://www.anja-saskia-beyer.com/wp-content/uploads/2017/04/BeyerAnjaSaskia_ErdbeerenimSommer.jpg 1488w" sizes="auto, (max-width: 203px) 100vw, 203px" /></a> ERDBEEREN IM SOMMER</p>
<p>&#8222;Erdbeeren im Sommer&#8220; erscheint am 16. Mai im Verlag &#8222;Tinte und Feder&#8220; und auch gleich als Hörbuch bei Audible!</p>
<p>Klickt hier zum Buch oder Hörbuch: <a href="http://amzn.to/2ph0LXR" target="_blank" rel="noopener noreferrer">Erdbeeren im Sommer</a></p>
<p>Kurzinhalt:</p>
<p>#1 Kindle-Bestseller-Autorin</p>
<p>Berührend, einfühlsam und amüsant nimmt Anja Saskia Beyers neuer Erfolgsroman den Leser mit auf eine Reise, bei der man neben der italienischen Kulinarik das Leben in seiner ganzen Tragik zu schmecken meint.</p>
<p>Enttäuscht und mit Wut im Bauch sitzen Luisa und Mona in ihrem VW-Bus auf dem Weg nach Süditalien. Nach einem missglückten Heiratsantrag und einem handfesten Ehekrach brauchen die beiden Freundinnen dringend einen Ortswechsel. Und da bietet sich Tante Giulias idyllischer Erdbeerhof und das kleine mediterrane Ristorante geradezu an. Was die beiden dort erwartet, ist allerdings weit mehr als schmackhafte Erdbeeren und italienische Küche: Luisa wird ihre alte Jugendliebe Matteo wiedertreffen und auf ein Geheimnis stoßen, das sich um ein außergewöhnliches Kochbuch rankt. Als Tante Giulia überraschend abreist, sind Luisa und Mona gezwungen, tief in die Familiengeschichte einzutauchen, die sie bis in die turbulenten 50er Jahre zurückführt. Die Ereignisse von damals werden Luisas Leben verändern – auf eine Weise, wie sie es nie für möglich gehalten hätte.</p>
<p>Eine ganz liebe Bloggerin, Regina von dem wunderbaren Blog &#8222;Rinas Bücherblog&#8220; hat sogar einen Buchtrailer zu &#8222;Erdbeeren im Sommer&#8220; erstellt. Seht hier: https://youtu.be/ZKfe2LJcM6U</p>

<p> ERDBEEREN IM SOMMER &#8222;Erdbeeren im Sommer&#8220; erscheint am 16. Mai im Verlag &#8222;Tinte und Feder&#8220; und auch gleich als Hörbuch bei Audible! Klickt hier zum Buch oder Hörbuch: Erdbeeren im Sommer Kurzinhalt: #1 Kindle-Bestseller-Autorin Berührend,<a class="read-more" href="https://www.anja-saskia-beyer.com/?page_id=811">Continue reading</a></p>
