{"id":230,"date":"2015-08-26T17:57:17","date_gmt":"2015-08-26T15:57:17","guid":{"rendered":"http:\/\/www.anja-saskia-beyer.com\/?page_id=230"},"modified":"2016-01-28T11:52:52","modified_gmt":"2016-01-28T09:52:52","slug":"liebes-herz","status":"publish","type":"page","link":"https:\/\/www.anja-saskia-beyer.com\/?page_id=230","title":{"rendered":"Liebes Herz"},"content":{"rendered":"<p>&#8222;Liebes Herz&#8220; seit 1. Dezember 2015 bei Knaur.<\/p>\n<p><a href=\"http:\/\/www.anja-saskia-beyer.com\/wp-content\/uploads\/2014\/03\/Cover-Beyer-LiebesHerz.jpg\"><img loading=\"lazy\" decoding=\"async\" src=\"http:\/\/www.anja-saskia-beyer.com\/wp-content\/uploads\/2014\/03\/Cover-Beyer-LiebesHerz.jpg\" alt=\"Cover Beyer LiebesHerz\" width=\"185\" height=\"281\" class=\"alignnone size-full wp-image-200\" \/><\/a><\/p>\n<p>&#8222;Ein zu Herzen gehender, tiefgr\u00fcndiger Freundinnenroman&#8220; &#8211; &#8222;Ein Roman wie eine tr\u00f6stende Umarmung und eine gro\u00dfe Tasse Tee&#8220; &#8211; am 1. Dezember 2015 bei Knaur erschienen<\/p>\n<p>Kurzinhalt: <\/p>\n<p>Betsy fehlt. Ganz gleich, was Susa, Laura<br \/>\nund Wilma auch tun oder woran sie denken. Der Tod<br \/>\nihrer besten Freundin kam vollkommen \u00fcber-<br \/>\nraschend, und er hat ein riesiges Loch gerissen.<br \/>\nNur die Suche nach dem Vater der kleinen<br \/>\nEmmi, Betsys Tochter, kann die Freundinnen<br \/>\nschlie\u00dflich dazu bewegen, wie jedes<br \/>\nJahr in die Toskana zu reisen. Hier finden sie am<br \/>\nEnde noch viel mehr: eine Antwort auf die Frage<br \/>\nnach dem Warum, einen Weg zur\u00fcck ins Leben<br \/>\nund die gro\u00dfe, schicksalhafte Liebe. <\/p>\n<p>Hier ein Buchtrailer zu &#8222;Liebes Herz&#8220;<\/p>\n<div><iframe loading=\"lazy\" width=\"560\" height=\"420\" src=\"http:\/\/www.kizoa.com\/embed-27634073-3134749o1l1\" frameborder=\"0\" allowfullscreen><\/iframe><br \/><a href=\"http:\/\/www.kizoa.de\/Movie-Maker\/d27634073k3134749o2l1\/liebes-herz\"><b>Liebes Herz<\/b><\/a> &#8211; <i><a href=\"http:\/\/www.kizoa.de\">Kizoa Video und Movie Maker<\/a><\/i><\/div>\n","protected":false},"excerpt":{"rendered":"<p>&#8222;Liebes Herz&#8220; seit 1. Dezember 2015 bei Knaur. &#8222;Ein zu Herzen gehender, tiefgr\u00fcndiger Freundinnenroman&#8220; &#8211; &#8222;Ein Roman wie eine tr\u00f6stende Umarmung und eine gro\u00dfe Tasse Tee&#8220; &#8211; am 1. Dezember 2015 bei Knaur erschienen Kurzinhalt:<a class=\"read-more\" href=\"https:\/\/www.anja-saskia-beyer.com\/?page_id=230\">Continue reading<\/a><\/p>\n","protected":false},"author":1,"featured_media":0,"parent":0,"menu_order":0,"comment_status":"open","ping_status":"open","template":"","meta":{"_acf_changed":false,"_kadence_starter_templates_imported_post":false,"footnotes":""},"class_list":["post-230","page","type-page","status-publish","hentry"],"acf":[],"_links":{"self":[{"href":"https:\/\/www.anja-saskia-beyer.com\/index.php?rest_route=\/wp\/v2\/pages\/230","targetHints":{"allow":["GET"]}}],"collection":[{"href":"https:\/\/www.anja-saskia-beyer.com\/index.php?rest_route=\/wp\/v2\/pages"}],"about":[{"href":"https:\/\/www.anja-saskia-beyer.com\/index.php?rest_route=\/wp\/v2\/types\/page"}],"author":[{"embeddable":true,"href":"https:\/\/www.anja-saskia-beyer.com\/index.php?rest_route=\/wp\/v2\/users\/1"}],"replies":[{"embeddable":true,"href":"https:\/\/www.anja-saskia-beyer.com\/index.php?rest_route=%2Fwp%2Fv2%2Fcomments&post=230"}],"version-history":[{"count":5,"href":"https:\/\/www.anja-saskia-beyer.com\/index.php?rest_route=\/wp\/v2\/pages\/230\/revisions"}],"predecessor-version":[{"id":362,"href":"https:\/\/www.anja-saskia-beyer.com\/index.php?rest_route=\/wp\/v2\/pages\/230\/revisions\/362"}],"wp:attachment":[{"href":"https:\/\/www.anja-saskia-beyer.com\/index.php?rest_route=%2Fwp%2Fv2%2Fmedia&parent=230"}],"curies":[{"name":"wp","href":"https:\/\/api.w.org\/{rel}","templated":true}]}}