{"id":1772,"date":"2026-02-08T14:14:41","date_gmt":"2026-02-08T12:14:41","guid":{"rendered":"https:\/\/www.anja-saskia-beyer.com\/?page_id=1772"},"modified":"2026-02-08T14:17:44","modified_gmt":"2026-02-08T12:17:44","slug":"inselduft-und-meer","status":"publish","type":"page","link":"https:\/\/www.anja-saskia-beyer.com\/?page_id=1772","title":{"rendered":"Inselduft und Meer"},"content":{"rendered":"<div class=\"wp-block-image\">\n<figure class=\"aligncenter size-large is-resized\"><a href=\"https:\/\/www.anja-saskia-beyer.com\/wp-content\/uploads\/2026\/02\/Cover-Inselduft-v-Amazon.jpg\"><img loading=\"lazy\" decoding=\"async\" width=\"694\" height=\"1024\" src=\"https:\/\/www.anja-saskia-beyer.com\/wp-content\/uploads\/2026\/02\/Cover-Inselduft-v-Amazon-694x1024.jpg\" alt=\"\" class=\"wp-image-1773\" style=\"width:419px;height:auto\" srcset=\"https:\/\/www.anja-saskia-beyer.com\/wp-content\/uploads\/2026\/02\/Cover-Inselduft-v-Amazon-694x1024.jpg 694w, https:\/\/www.anja-saskia-beyer.com\/wp-content\/uploads\/2026\/02\/Cover-Inselduft-v-Amazon-203x300.jpg 203w, https:\/\/www.anja-saskia-beyer.com\/wp-content\/uploads\/2026\/02\/Cover-Inselduft-v-Amazon-768x1134.jpg 768w, https:\/\/www.anja-saskia-beyer.com\/wp-content\/uploads\/2026\/02\/Cover-Inselduft-v-Amazon-520x768.jpg 520w, https:\/\/www.anja-saskia-beyer.com\/wp-content\/uploads\/2026\/02\/Cover-Inselduft-v-Amazon-740x1093.jpg 740w, https:\/\/www.anja-saskia-beyer.com\/wp-content\/uploads\/2026\/02\/Cover-Inselduft-v-Amazon.jpg 1016w\" sizes=\"auto, (max-width: 694px) 100vw, 694px\" \/><\/a><\/figure>\n<\/div>\n\n\n<blockquote class=\"wp-block-quote is-layout-flow wp-block-quote-is-layout-flow\">\n<p>Der bezaubernde neue Roman aus der Mallorca-Sehnsucht-Reihe um f\u00fcnf unzertrennliche Freundinnen und die Liebe von Kindle-#1-Bestsellerautorin Anja Saskia Beyer<\/p>\n\n\n\n<p><em>Wellenrauschen und Inselduft: Willkommen zur\u00fcck auf Mallorca<\/em><\/p>\n\n\n\n<p>Mit ihrem Naturkosmetikladen auf Mallorca lebt Amelie ihren Traum. Seite an Seite mit ihren besten Freundinnen, die L\u00e4den in der malerischen Bucht haben, jede mit anderen mallorquinischen Produkten. Als der Journalist Dennis \u00fcber Amelies Laden schreiben will, sagt sie begeistert zu. Doch Dennis kommt nicht allein nach Mallorca: Begleitet wird er von Amelies Bruder Nils, der sie nie besucht hat und anscheinend etwas verbirgt.<\/p>\n\n\n\n<p>W\u00e4hrend Amelie Dennis f\u00fcr den Artikel die Insel zeigt, kommen sie sich zwischen Mandelb\u00e4umen, Lavendelduft und Sonnenunterg\u00e4ngen allm\u00e4hlich n\u00e4her. Kann Amelie sich auf ihn einlassen, solange Nils\u2019 Geheimnis \u00fcber ihr schwebt?<\/p>\n\n\n\n<p>Die B\u00e4nde der \u00bbMallorca-Sehnsucht\u00ab-Reihe k\u00f6nnen unabh\u00e4ngig voneinander gelesen werden.<\/p>\n<\/blockquote>\n","protected":false},"excerpt":{"rendered":"<p>Der bezaubernde neue Roman aus der Mallorca-Sehnsucht-Reihe um f\u00fcnf unzertrennliche Freundinnen und die Liebe von Kindle-#1-Bestsellerautorin Anja Saskia Beyer Wellenrauschen und Inselduft: Willkommen zur\u00fcck auf Mallorca Mit ihrem Naturkosmetikladen auf Mallorca lebt Amelie ihren Traum.<a class=\"read-more\" href=\"https:\/\/www.anja-saskia-beyer.com\/?page_id=1772\">Continue reading<\/a><\/p>\n","protected":false},"author":1,"featured_media":0,"parent":0,"menu_order":0,"comment_status":"closed","ping_status":"closed","template":"","meta":{"_acf_changed":false,"_kadence_starter_templates_imported_post":false,"footnotes":""},"class_list":["post-1772","page","type-page","status-publish","hentry"],"acf":[],"_links":{"self":[{"href":"https:\/\/www.anja-saskia-beyer.com\/index.php?rest_route=\/wp\/v2\/pages\/1772","targetHints":{"allow":["GET"]}}],"collection":[{"href":"https:\/\/www.anja-saskia-beyer.com\/index.php?rest_route=\/wp\/v2\/pages"}],"about":[{"href":"https:\/\/www.anja-saskia-beyer.com\/index.php?rest_route=\/wp\/v2\/types\/page"}],"author":[{"embeddable":true,"href":"https:\/\/www.anja-saskia-beyer.com\/index.php?rest_route=\/wp\/v2\/users\/1"}],"replies":[{"embeddable":true,"href":"https:\/\/www.anja-saskia-beyer.com\/index.php?rest_route=%2Fwp%2Fv2%2Fcomments&post=1772"}],"version-history":[{"count":2,"href":"https:\/\/www.anja-saskia-beyer.com\/index.php?rest_route=\/wp\/v2\/pages\/1772\/revisions"}],"predecessor-version":[{"id":1780,"href":"https:\/\/www.anja-saskia-beyer.com\/index.php?rest_route=\/wp\/v2\/pages\/1772\/revisions\/1780"}],"wp:attachment":[{"href":"https:\/\/www.anja-saskia-beyer.com\/index.php?rest_route=%2Fwp%2Fv2%2Fmedia&parent=1772"}],"curies":[{"name":"wp","href":"https:\/\/api.w.org\/{rel}","templated":true}]}}