{"id":1285,"date":"2020-12-03T17:56:52","date_gmt":"2020-12-03T15:56:52","guid":{"rendered":"https:\/\/www.anja-saskia-beyer.com\/?page_id=1285"},"modified":"2020-12-03T17:56:56","modified_gmt":"2020-12-03T15:56:56","slug":"ich-im-glueck-mein-glueckstagebuch-zum-selbstausfuellen","status":"publish","type":"page","link":"https:\/\/www.anja-saskia-beyer.com\/?page_id=1285","title":{"rendered":"Ich im Gl\u00fcck &#8211; Mein Gl\u00fcckstagebuch zum Selbstausf\u00fcllen"},"content":{"rendered":"\n<p>Ein Gl\u00fcckstagebuch zum Selbstausf\u00fcllen, ein sch\u00f6nes Geschenkebuch. Geschrieben und gemalt von meiner lieben Kollegin Charly von Feyerabend und mir.<\/p>\n\n\n\n<p><em>Deine Gl\u00fccksfee scheint heute wirklich einen guten Tag zu haben!<\/em><\/p>\n\n\n\n<p>Du kannst aufh\u00f6ren, \u00fcber allen m\u00f6glichen Kram in deinem Leben zu gr\u00fcbeln und vor lauter B\u00e4umen nicht das Sch\u00f6ne zu sehen. Denn mit diesem Tagebuch schaffst du es, zufriedener zu werden und den Focus auf die positiven Dinge und die lieben Menschen um dich herum zu setzen.<\/p>\n\n\n\n<p>Und das Tolle an diesem Tagebuch, ist: Es wirkt&nbsp;<strong>LANGFRISTIG<\/strong>!<\/p>\n\n\n\n<p>Die beiden Autorinnen Anja Saskia Beyer und Charly von Feyerabend haben im Vorfeld zu ihrem Buch \u201eFrau im Gl\u00fcck\u201c \u00fcber 2 Jahre recherchiert und sind tief in die Wissensgebiete der Gl\u00fccksforschung, Hirnforschung sowie erprobten Konzepten zum Gl\u00fccklichwerden abgetaucht. Auf der Basis von wissenschaftlich getesteten Methoden haben sie selbst eine Struktur f\u00fcr dieses Gl\u00fcckstagebuch ausgearbeitet, die sich wesentlich von anderen Gl\u00fcckstageb\u00fcchern abhebt:<\/p>\n\n\n\n<p>* Hier wiederholen sich NICHT jede Woche die gleichen Fragen, sondern der Leser wird immer wieder mit abwechselnden Themen \u00fcberrascht. Und das \u00fcber einen Zeitraum von drei Monaten. Das macht 12 Wochen Abwechslung!<\/p>\n\n\n\n<p>* Das Buch ist lustig geschrieben, liebevoll gestaltet und mit humorigen Illustrationen verziert, so dass es Spa\u00df macht, das Gl\u00fcckstagebuch jeden Tag von Neuem aufzuschlagen.<\/p>\n\n\n\n<p>* Jeder Woche ist ein Motto vorangestellt, wie \u201eLachf\u00e4ltchen generieren\u201c oder \u201eEndlich Zeit f\u00fcr mich\u201c. Dar\u00fcber hinaus gibt es noch jeden Tag eine eigene sogenannte Gedankenwolke, die Dich inspirieren darf, zum Nachdenken bringen oder einfach nur zum Schmunzeln.<\/p>\n\n\n\n<p>* Du beantwortest jeden Abend lediglich drei Fragen, was nur ein paar Minuten dauert, und trainierst damit Deinen Gl\u00fcckszustand. Denn durch regelm\u00e4\u00dfige Besch\u00e4ftigung mit den positiven Dingen, kannst Du Dein Denken beeinflussen, wie du im Fitnessstudio auch durch Training die Muskeln zum Sprie\u00dfen bringen kannst.<\/p>\n\n\n\n<p>Kurz gesagt: Es ist ein tolles&nbsp;<em>Geschenkebuch<\/em>&nbsp;f\u00fcr dich selbst oder deine Familie, deine Freundinnen und Freunde.<\/p>\n\n\n\n<p>Also, Schluss mit der Warterei auf ein Gl\u00fcck, das mit Paukenschlag und wei\u00dfem Schimmel um die Ecke hopst! Jetzt hast du es selbst in der Hand.<\/p>\n\n\n\n<p>Und wenn Du Dich f\u00fcr ein Ebook entscheidest, lege Dir einfach ein h\u00fcbsches Notizb\u00fcchlein oder einen Block daneben, und schreibe Deine Antworten dort hinein.Wichtig ist nur eines: Fange am besten heute an, oder sobald das Taschenbuch bei dir zuhause ist. Sich zu entscheiden und etwas einfach zu tun, macht n\u00e4mlich auch schon ziemlich gl\u00fccklich und sofort hast du ein sch\u00f6nes Wohlf\u00fchlgef\u00fchl im Bauch. Probier es aus!<\/p>\n\n\n\n<figure class=\"wp-block-image\"><img decoding=\"async\" src=\"https:\/\/m.media-amazon.com\/images\/I\/417MTxi6W6L.jpg\" alt=\"Ich im Gl\u00fcck: Mein Gl\u00fcckstagebuch zum Selbstausf\u00fcllen (Geschenke f\u00fcr Buchliebhaber\/innen 1) von [Charly von Feyerabend, Anja Saskia Beyer]\"\/><\/figure>\n","protected":false},"excerpt":{"rendered":"<p>Ein Gl\u00fcckstagebuch zum Selbstausf\u00fcllen, ein sch\u00f6nes Geschenkebuch. Geschrieben und gemalt von meiner lieben Kollegin Charly von Feyerabend und mir. Deine Gl\u00fccksfee scheint heute wirklich einen guten Tag zu haben! Du kannst aufh\u00f6ren, \u00fcber allen m\u00f6glichen<a class=\"read-more\" href=\"https:\/\/www.anja-saskia-beyer.com\/?page_id=1285\">Continue reading<\/a><\/p>\n","protected":false},"author":1,"featured_media":0,"parent":0,"menu_order":0,"comment_status":"closed","ping_status":"closed","template":"","meta":{"_acf_changed":false,"_kadence_starter_templates_imported_post":false,"footnotes":""},"class_list":["post-1285","page","type-page","status-publish","hentry"],"acf":[],"_links":{"self":[{"href":"https:\/\/www.anja-saskia-beyer.com\/index.php?rest_route=\/wp\/v2\/pages\/1285","targetHints":{"allow":["GET"]}}],"collection":[{"href":"https:\/\/www.anja-saskia-beyer.com\/index.php?rest_route=\/wp\/v2\/pages"}],"about":[{"href":"https:\/\/www.anja-saskia-beyer.com\/index.php?rest_route=\/wp\/v2\/types\/page"}],"author":[{"embeddable":true,"href":"https:\/\/www.anja-saskia-beyer.com\/index.php?rest_route=\/wp\/v2\/users\/1"}],"replies":[{"embeddable":true,"href":"https:\/\/www.anja-saskia-beyer.com\/index.php?rest_route=%2Fwp%2Fv2%2Fcomments&post=1285"}],"version-history":[{"count":1,"href":"https:\/\/www.anja-saskia-beyer.com\/index.php?rest_route=\/wp\/v2\/pages\/1285\/revisions"}],"predecessor-version":[{"id":1287,"href":"https:\/\/www.anja-saskia-beyer.com\/index.php?rest_route=\/wp\/v2\/pages\/1285\/revisions\/1287"}],"wp:attachment":[{"href":"https:\/\/www.anja-saskia-beyer.com\/index.php?rest_route=%2Fwp%2Fv2%2Fmedia&parent=1285"}],"curies":[{"name":"wp","href":"https:\/\/api.w.org\/{rel}","templated":true}]}}