{"id":1249,"date":"2020-12-01T18:08:54","date_gmt":"2020-12-01T16:08:54","guid":{"rendered":"https:\/\/www.anja-saskia-beyer.com\/?page_id=1249"},"modified":"2025-12-16T12:25:40","modified_gmt":"2025-12-16T10:25:40","slug":"fuer-leser","status":"publish","type":"page","link":"https:\/\/www.anja-saskia-beyer.com\/?page_id=1249","title":{"rendered":"Newsletter f\u00fcr Leser und Blogger"},"content":{"rendered":"\n<p><\/p>\n\n\n\n<p class=\"has-luminous-vivid-orange-color has-text-color\"><span class=\"has-inline-color has-pale-pink-color\">Liebe Leser*innen,  liebe Blogger*innen,<\/span><\/p>\n\n\n\n<p>ich w\u00fcrde mich sehr freuen, wenn wir unabh\u00e4ngig von Sozialen Medien miteinander verbunden bleiben (wer wei\u00df wie lange es diese jeweils gibt :-). <br>Deshalb tragt euch gerne in meinen Newsletter ein, ihr werdet als Erste informiert, wenn ein neuer Roman von mir erscheint und es ein Gewinnspiel, z.B. mit Rezensionsexemplaren, dazu gibt (die Gewinner werden immer per mail informiert). <\/p>\n\n\n\n<p>Au\u00dferdem erfahrt ihr in meinem Newsletter spannende Hintergr\u00fcnde zum Buch, zu meinen Recherchen und Reisen und manch leckeren Rezepten! <\/p>\n\n\n\n<p>Tragt auch gerne euren Bloggernamen ein, falls ihr einen Blog habt. Ihr k\u00f6nnt mir auch per email schreiben, ich freue mich!  AnjaSaskiaBeyer@gmx.de <\/p>\n\n\n\n<p><\/p>\n\n\n\n<script>(function() {\n\twindow.mc4wp = window.mc4wp || {\n\t\tlisteners: [],\n\t\tforms: {\n\t\t\ton: function(evt, cb) {\n\t\t\t\twindow.mc4wp.listeners.push(\n\t\t\t\t\t{\n\t\t\t\t\t\tevent   : evt,\n\t\t\t\t\t\tcallback: cb\n\t\t\t\t\t}\n\t\t\t\t);\n\t\t\t}\n\t\t}\n\t}\n})();\n<\/script><!-- Mailchimp for WordPress v4.12.1 - https:\/\/wordpress.org\/plugins\/mailchimp-for-wp\/ --><form id=\"mc4wp-form-1\" class=\"mc4wp-form mc4wp-form-652 mc4wp-form-theme mc4wp-form-theme-red mc4wp-ajax\" method=\"post\" data-id=\"652\" data-name=\"Standard Anmelde-Formular.\" ><div class=\"mc4wp-form-fields\"><\/p>\r\n<!-- Begin Mailchimp Signup Form -->\r\n<link href=\"\/\/cdn-images.mailchimp.com\/embedcode\/classic-10_7.css\" rel=\"stylesheet\" type=\"text\/css\">\r\n<style type=\"text\/css\">\r\n\t#mc_embed_signup{background:#fff; clear:left; font:14px Helvetica,Arial,sans-serif; }\r\n\t\/* Add your own Mailchimp form style overrides in your site stylesheet or in this style block.\r\n\t   We recommend moving this block and the preceding CSS link to the HEAD of your HTML file. *\/\r\n<\/style>\r\n<style type=\"text\/css\">\r\n\t#mc-embedded-subscribe-form input[type=checkbox]{display: inline; width: auto;margin-right: 10px;}\r\n\t#mergeRow-gdpr {margin-top: 20px;}\r\n\t#mergeRow-gdpr fieldset label {font-weight: normal;}\r\n\t#mc-embedded-subscribe-form .mc_fieldset{border:none;min-height: 0px;padding-bottom:0px;}\r\n<\/style>\r\n<div id=\"mc_embed_signup\">\r\n\r\n    <div id=\"mc_embed_signup_scroll\">\r\n\t<h2>Newsletter Anmeldung<\/h2>\r\n<div class=\"indicates-required\"><span class=\"asterisk\">*<\/span> indicates required<\/div>\r\n<div class=\"mc-field-group\">\r\n\t<label for=\"mce-EMAIL\">E-Mail  <span class=\"asterisk\">*<\/span>\r\n<\/label>\r\n\t<input type=\"email\" value=\"\" name=\"EMAIL\" class=\"required email\" id=\"mce-EMAIL\">\r\n<\/div>\r\n<div class=\"mc-field-group\">\r\n\t<label for=\"mce-FNAME\">Vorname <\/label>\r\n\t<input type=\"text\" value=\"\" name=\"FNAME\" class=\"\" id=\"mce-FNAME\">\r\n<\/div>\r\n      <p>\r\n    <label>Blogname<\/label>\r\n    <input type=\"text\" name=\"MMERGE2\">\r\n<div id=\"mergeRow-gdpr\" class=\"mergeRow gdpr-mergeRow content__gdprBlock mc-field-group\">\r\n    <div class=\"content__gdpr\">\r\n        <label>Erlaubnis zum Marketing<\/label>\r\n        <p>Damit ich dir per E-Mail kontaktieren darf, ben\u00f6tige ich dein Einverst\u00e4ndnis. <\/p>\r\n        <fieldset class=\"mc_fieldset gdprRequired mc-field-group\" name=\"interestgroup_field\">\r\n\t\t<label class=\"checkbox subfield\" for=\"gdpr_26654\"><input type=\"checkbox\" id=\"gdpr_26654\" name=\"gdpr[26654]\" value=\"Y\" class=\"av-checkbox gdpr\"><span>E-Mail<\/span> <\/label>\r\n        <\/fieldset>\r\n        <p>Du kannst dich jederzeit von meinem Newsletter abmelden, indem du auf den Link in der Fu\u00dfzeile der E-Mails klickst. Die Angabe deines Vornamens dient ausschlie\u00dflich der pers\u00f6nlichen Anrede und ist kein Pflichtfeld. Ich gebe deine Daten nicht an Dritte weiter und schicke dir keine unn\u00f6tigen Nachrichten. Informationen zum Datenschutz findest du auf der Webseite.<\/p>\r\n    <\/div>\r\n  \r\n<\/div>\r\n\t<div id=\"mce-responses\" class=\"clear\">\r\n\t\t<div class=\"response\" id=\"mce-error-response\" style=\"display:none\"><\/div>\r\n\t\t<div class=\"response\" id=\"mce-success-response\" style=\"display:none\"><\/div>\r\n\t<\/div>    <!-- real people should not fill this in and expect good things - do not remove this or risk form bot signups-->\r\n    <div style=\"position: absolute; left: -5000px;\" aria-hidden=\"true\"><input type=\"text\" name=\"b_35bab1e2ba4c8c7746d60a597_b2a4c648f6\" tabindex=\"-1\" value=\"\"><\/div>\r\n    <div class=\"clear\"><input type=\"submit\" value=\"ABONNIEREN\" name=\"subscribe\" id=\"mc-embedded-subscribe\" class=\"button\"><\/div>\r\n    <\/div>\r\n\r\n<\/div>\r\n<script type='text\/javascript' src='\/\/s3.amazonaws.com\/downloads.mailchimp.com\/js\/mc-validate.js'><\/script><script type='text\/javascript'>(function($) {window.fnames = new Array(); window.ftypes = new Array();fnames[0]='EMAIL';ftypes[0]='email';fnames[1]='FNAME';ftypes[1]='text'; \/*\r\n * Translated default messages for the $ validation plugin.\r\n * Locale: DE\r\n *\/\r\n$.extend($.validator.messages, {\r\n\trequired: \"Dieses Feld ist ein Pflichtfeld.\",\r\n\tmaxlength: $.validator.format(\"Geben Sie bitte maximal {0} Zeichen ein.\"),\r\n\tminlength: $.validator.format(\"Geben Sie bitte mindestens {0} Zeichen ein.\"),\r\n\trangelength: $.validator.format(\"Geben Sie bitte mindestens {0} und maximal {1} Zeichen ein.\"),\r\n\temail: \"Geben Sie bitte eine g\u00fcltige E-Mail Adresse ein.\",\r\n\turl: \"Geben Sie bitte eine g\u00fcltige URL ein.\",\r\n\tdate: \"Bitte geben Sie ein g\u00fcltiges Datum ein.\",\r\n\tnumber: \"Geben Sie bitte eine Nummer ein.\",\r\n\tdigits: \"Geben Sie bitte nur Ziffern ein.\",\r\n\tequalTo: \"Bitte denselben Wert wiederholen.\",\r\n\trange: $.validator.format(\"Geben Sie bitten einen Wert zwischen {0} und {1}.\"),\r\n\tmax: $.validator.format(\"Geben Sie bitte einen Wert kleiner oder gleich {0} ein.\"),\r\n\tmin: $.validator.format(\"Geben Sie bitte einen Wert gr\u00f6\u00dfer oder gleich {0} ein.\"),\r\n\tcreditcard: \"Geben Sie bitte ein g\u00fcltige Kreditkarten-Nummer ein.\"\r\n});}(jQuery));var $mcj = jQuery.noConflict(true);<\/script>\r\n<!--End mc_embed_signup--><\/div><label style=\"display: none !important;\">Wenn du ein Mensch bist, lasse das Feld leer: <input type=\"text\" name=\"_mc4wp_honeypot\" value=\"\" tabindex=\"-1\" autocomplete=\"off\" \/><\/label><input type=\"hidden\" name=\"_mc4wp_timestamp\" value=\"1775376851\" \/><input type=\"hidden\" name=\"_mc4wp_form_id\" value=\"652\" \/><input type=\"hidden\" name=\"_mc4wp_form_element_id\" value=\"mc4wp-form-1\" \/><div class=\"mc4wp-response\"><\/div><\/form><!-- \/ Mailchimp for WordPress Plugin -->\n","protected":false},"excerpt":{"rendered":"<p>Liebe Leser*innen, liebe Blogger*innen, ich w\u00fcrde mich sehr freuen, wenn wir unabh\u00e4ngig von Sozialen Medien miteinander verbunden bleiben (wer wei\u00df wie lange es diese jeweils gibt :-). Deshalb tragt euch gerne in meinen Newsletter ein,<a class=\"read-more\" href=\"https:\/\/www.anja-saskia-beyer.com\/?page_id=1249\">Continue reading<\/a><\/p>\n","protected":false},"author":1,"featured_media":0,"parent":0,"menu_order":0,"comment_status":"closed","ping_status":"closed","template":"","meta":{"_acf_changed":false,"_kadence_starter_templates_imported_post":false,"footnotes":""},"class_list":["post-1249","page","type-page","status-publish","hentry"],"acf":[],"_links":{"self":[{"href":"https:\/\/www.anja-saskia-beyer.com\/index.php?rest_route=\/wp\/v2\/pages\/1249","targetHints":{"allow":["GET"]}}],"collection":[{"href":"https:\/\/www.anja-saskia-beyer.com\/index.php?rest_route=\/wp\/v2\/pages"}],"about":[{"href":"https:\/\/www.anja-saskia-beyer.com\/index.php?rest_route=\/wp\/v2\/types\/page"}],"author":[{"embeddable":true,"href":"https:\/\/www.anja-saskia-beyer.com\/index.php?rest_route=\/wp\/v2\/users\/1"}],"replies":[{"embeddable":true,"href":"https:\/\/www.anja-saskia-beyer.com\/index.php?rest_route=%2Fwp%2Fv2%2Fcomments&post=1249"}],"version-history":[{"count":12,"href":"https:\/\/www.anja-saskia-beyer.com\/index.php?rest_route=\/wp\/v2\/pages\/1249\/revisions"}],"predecessor-version":[{"id":1340,"href":"https:\/\/www.anja-saskia-beyer.com\/index.php?rest_route=\/wp\/v2\/pages\/1249\/revisions\/1340"}],"wp:attachment":[{"href":"https:\/\/www.anja-saskia-beyer.com\/index.php?rest_route=%2Fwp%2Fv2%2Fmedia&parent=1249"}],"curies":[{"name":"wp","href":"https:\/\/api.w.org\/{rel}","templated":true}]}}